ed by 6?
3
Suppose -7*x + 200 = -129. What is the remainder when x is divided by 9?
2
Let w(i) = i. Let j be w(3). Suppose 0*c + v + 19 = 3*c, -j*v = -3*c + 27. Calculate the remainder when 9 is divided by c.
4
Let h(v) = 2*v**2 + 3*v - 3. Suppose 0 = 3*p + 5*w - 12, -3*p + 37 = w + 13. Calculate the remainder when p is divided by h(-3).
3
Suppose 0 = -2*q - 0 + 14. What is the remainder when q is divided by 2?
1
Let f = -57 + 117. Suppose -3*q = 2*q - f. Suppose -o + 38 - 3 = 0. What is the remainder when o is divided by q?
11
Suppose 3*c - 3*h = 75, -2*c - c = 2*h - 50. Calculate the remainder when 177 is divided by c.
17
Let v(y) = -y**2 - 10*y - 3. Let g(n) = 2*n**2 + n + 1. What is the remainder when g(3) is divided by v(-9)?
4
Suppose -5*x + 5*p + 235 = 0, 5*p = -3*x + 90 + 19. Calculate the remainder when x is divided by 16.
11
Let r be (-2)/(-3)*-5*-3. Suppose o + 4*o = -2*b + 38, -37 = -5*b + 2*o. Let j = r + b. What is the remainder when j is divided by 10?
9
Suppose -21 = -9*u + 6. Suppose 0*k - 4*k - 3*n = 351, 0 = 3*k + 2*n + 262. Calculate the remainder when k/(-10) + 8/(-20) is divided by u.
2
Let b = 26 - 13. Suppose -b = 2*d - h + 6*h, 2*d - 5*h = -3. What is the remainder when 8 is divided by (-10)/d*10/5?
3
Suppose 3*v - 4*k = 31, -v - 3*k + 8 = -2*k. Suppose -2*h + 5*h - 18 = 0. What is the remainder when v is divided by h?
3
Let h(c) = -c**3 + 12*c**2 - c + 23. Calculate the remainder when 18 is divided by h(12).
7
Let y(b) = -b**3 - 7*b**2 - 7*b - 7. What is the remainder when y(-7) is divided by 15?
12
Suppose 0 = -5*v - 5*z + 155, 0*v - 137 = -5*v + 4*z. What is the remainder when v is divided by 8?
5
Suppose -a = -4, 5*v - 2*a = 2*a + 214. Calculate the remainder when v is divided by 12.
10
Suppose 5*z + 5*k - 116 = 44, 101 = 3*z + 4*k. What is the remainder when z is divided by 7?
6
Let i = 15 - 8. Suppose i*z = 2*z. Suppose 4*f = -z + 20. What is the remainder when 13 is divided by f?
3
Let a = -23 + 32. Suppose 0 = -3*h - h + 100. Calculate the remainder when h is divided by a.
7
Let f = 14 - 3. Suppose -2*s + 17 = 3. Calculate the remainder when f is divided by s.
4
Suppose -2*b + d + 194 = 0, -2*b = -6*b + 5*d + 400. Suppose 80*t - 48 = 78*t. Calculate the remainder when b is divided by t.
23
Suppose 3*h - 34 = 20. Calculate the remainder when h is divided by 5.
3
Let z(x) = 0 + 0*x + 4*x - 2 + x**2. Let t be z(-5). What is the remainder when 1/t + (-155)/(-3) is divided by 18?
16
Suppose -5*m + 190 = -0*m. Suppose -5*r - 90 = -0*r. Let w = r + 38. Calculate the remainder when m is divided by w.
18
Let j = -18 + 24. Calculate the remainder when j is divided by 4.
2
Suppose -3*s - x - 4 = -51, 0 = 4*s - 3*x - 41. Calculate the remainder when 68 is divided by s.
12
Suppose 2*b + 0 = 12. What is the remainder when (4 - -11) + (3 - 1) is divided by b?
5
Suppose 481 = 5*c - 3*d, -197 = -3*c + 4*d + 96. Calculate the remainder when c is divided by 32.
31
Calculate the remainder when (-410)/(-4)*12/10 is divided by 31.
30
Let j(q) = -2*q**3 + 11*q**2 - 3*q + 5. Let b(h) = h**3 - 10*h**2 + 2*h - 4. Let i(u) = -3*b(u) - 2*j(u). Calculate the remainder when i(-8) is divided by 1.
0
Let y(q) = -q**3 - 30*q**2 - 30*q + 5. Calculate the remainder when y(-29) is divided by 18.
16
Suppose 1 = -k + 4. Calculate the remainder when 1 + -1 + 14 - 0 is divided by 10 - (k/3 + 1).
6
Suppose -2*y = -7*y + 225. Let i be ((-8)/(-6))/(4/12). What is the remainder when y is divided by (i/6)/((-2)/(-36))?
9
Let g = -518 + 538. Suppose 2 = b, -2*u - 5*b + 123 = -3. Calculate the remainder when u is divided by g.
18
Suppose 0 = 5*o - z - 5, -z - 2*z - 15 = 4*o. Suppose o*t + 15 = t. Suppose 16 = 2*h + r, -3*h + 24 = 3*r - 4*r. What is the remainder when t is divided by h?
7
What is the remainder when (8/6*-3 - -3) + 8 is divided by 2?
1
Let k = -33 - -44. Let x = 77 + -45. Calculate the remainder when x is divided by k.
10
Suppose 2*b - 6 = 4. Suppose 3*h + b = -4*d, -6*d = -2*d + 20. Suppose 0 = -c - 5*z + 7, 2*c - 37 - 7 = h*z. Calculate the remainder when c is divided by 10.
7
Let x(s) = -s**3 - s**2 - 2*s - 3. Let t be x(-2). Suppose 3*k = -2*j + 2 + 4, 15 = t*j. What is the remainder when 26 is divided by k - (-9)/((-2)/(-2))?
8
Suppose 4*c + 35 = 4*n - 25, 25 = 5*n + 5*c. Suppose -4*p - n = -9*p. Suppose l = 5*l - p*i - 32, -4*i - 16 = 0. What is the remainder when 16 is divided by l?
4
Suppose 3*s - 2*r - 50 = 0, -4*s - 2*r = s - 110. Suppose 3*h - 19 = 14. What is the remainder when s is divided by h?
9
Suppose -2*z = 3*d - 11, 3*z - 13 = d - 2. Calculate the remainder when d is divided by 1.
0
Let i = -5 + 8. Suppose 7*h = i*h + 28. Suppose 6*k - 52 = 2*k. Calculate the remainder when k is divided by h.
6
Let i(j) = -2*j**2 - 4*j. Let c be i(-3). Let n = c - -8. Suppose -2*q = v - 15, n*q - 5 = q. What is the remainder when 8 is divided by v?
3
Suppose 2*b - 69 = b - p, 0 = 3*b + 5*p - 201. Let w = b + -38. Suppose 4*d = 5*j + 38, 3*j = -4*d + 7*j + 40. What is the remainder when w is divided by d?
10
Let g(n) = -54*n - 11. What is the remainder when g(-2) is divided by 25?
22
Suppose 9 + 0 = 3*s. What is the remainder when 2 + (-120)/(-7 + s) is divided by 11?
10
Let h be (-30)/8*168/(-9). Let s = -46 + h. Calculate the remainder when s is divided by 7.
3
Let j = 1 - -6. Let r = 16 - 14. What is the remainder when 5/(5/r) - -11 is divided by j?
6
Suppose -3*w - 2*w + 95 = 5*p, 3*p = 2*w - 43. Suppose -j = -5 - w. Calculate the remainder when j is divided by 9.
7
Suppose -232*o = -228*o - 196. Calculate the remainder when o is divided by 25.
24
Let g(o) be the second derivative of o**5/20 - o**4/2 + o**3/6 - 3*o**2/2 + 3*o. Calculate the remainder when g(6) is divided by 3.
0
Suppose 4*g - 18 = 14. Calculate the remainder when 21 is divided by g.
5
Suppose 0 = -h + 1, 2*y + 0*h + 2*h = 16. Let g(c) = -c**3 + y*c**2 + 1 - 4*c - 5 + 3. What is the remainder when g(5) is divided by 10?
9
What is the remainder when 12 is divided by ((-32)/80)/((-2)/40)?
4
Suppose 3*a + 16 = 22. Calculate the remainder when 2 is divided by a.
0
Suppose -b - 14 = -2*a - 3*b, 0 = 5*a - 2*b - 63. What is the remainder when 25 is divided by a?
3
Suppose 5*x - 83 = 12. Suppose x = -5*t + 69. What is the remainder when t is divided by 6?
4
Let b = -24 + 40. Let t = 27 - -1. What is the remainder when t is divided by b?
12
Let x be 2 + -2 + (-64)/(-4). Suppose v + 3*v = x. Suppose 3*m - v*m + 15 = 0. Calculate the remainder when 43 is divided by m.
13
Let q(i) = -i + 3. Calculate the remainder when q(0) is divided by 2.
1
Suppose -n - 5 = 5*p, 0 - 4 = -5*n + 4*p. Suppose n*x = 2*x - 16. Suppose d + 1 - 4 = 0. What is the remainder when x is divided by d?
2
Let k = -81 + 87. Calculate the remainder when 184 is divided by k.
4
Let o(h) = 2*h**2 - 9*h + 4. Suppose -53 = -3*c + 43. Suppose -2*p - 8 = -c. What is the remainder when o(6) is divided by p?
10
Suppose -3*f + 48 = f. Let k be (0/3 - 1)*0. Let d(u) = -u + 34. What is the remainder when d(k) is divided by f?
10
Suppose -5*y - 6 = -8*y. Suppose -y*c + 70 = -20. What is the remainder when c is divided by 16?
13
Suppose 0 = 5*k + 2*n - 194, 0 = 2*k - 6*n + n - 66. What is the remainder when k is divided by 14?
10
Suppose -2*m + 2 = -4. What is the remainder when 50 is divided by m?
2
Let l(m) = m**3 + m**2 - m - 18. Let a be l(0). Let d = a + 30. Let g = -13 + 20. What is the remainder when d is divided by g?
5
Let r be (1/2 + -1)*-2. Suppose 5*f - 2*t = 88, -t + r = -0*t. Calculate the remainder when 69 is divided by f.
15
What is the remainder when 13 is divided by 18/2 + (-6 - -4)?
6
Suppose c + 28 = -c. Let y = c + 11. Calculate the remainder when 5 is divided by y + (-2)/(-2)*6.
2
Let s(a) = a**3 - 3*a**2 + 2*a + 2. Calculate the remainder when 87 is divided by s(3).
7
Suppose -3*k + 25 = 2*k. Suppose -k*h + 48 = -47. Calculate the remainder when h is divided by 7.
5
Let g(k) = k**3 - 7*k**2 + 3*k - 7. What is the remainder when 38 is divided by g(7)?
10
Suppose j + 12 = 14. What is the remainder when 23 is divided by (5 - -3) + 2*j?
11
Suppose 2*i + 28 = -0*i. Let j = i + 34. Suppose -70 = -5*d - j. Calculate the remainder when d is divided by 4.
2
Suppose 98 = 4*v - 114. What is the remainder when v